te the remainder when a is divided by i.
1
Suppose -2*b = -4*p + 6176, -2*p - 8*b + 3076 = -11*b. Calculate the remainder when p is divided by 183.
83
Suppose 0 = 93*l - 2856 - 6537. What is the remainder when 7573 is divided by l?
99
Let h = -49 - -62. Let q = 175 - -68. Suppose -4*o + 59 = -2*u - q, -2*o - 2*u + 160 = 0. What is the remainder when o is divided by h?
12
Let c = 19 - -47. Let x = 70 - c. Suppose -170 = -5*n + 5*r, -x*n + 0*n = -r - 133. Calculate the remainder when 96 is divided by n.
30
Let h = -2564 - -2573. Suppose 3*n = -2*n + 10. Calculate the remainder when h is divided by n.
1
Suppose 80*t = 100*t - 102200. Calculate the remainder when t is divided by 72.
70
Let i = 29343 - 28753. Calculate the remainder when i is divided by 6.
2
Suppose 693*r - 597 = -i + 696*r, 0 = 5*r. Calculate the remainder when i is divided by 105.
72
Suppose -630*q = 2*r - 625*q - 491, 1087 = 4*r - 5*q. What is the remainder when 788 is divided by r?
262
Let b(y) = -2*y**3 - 13*y**2 - 26*y - 128. What is the remainder when 816 is divided by b(-7)?
95
Let v be 8/(-5) + 5066/85. Let h = 73 + v. Calculate the remainder when h is divided by 27.
23
Let l = -117 - -150. Let y = l + 34. What is the remainder when y is divided by 4/6 - 245/(-15)?
16
Suppose 0 = h + 6*k - 799, 3*k - 2162 - 1725 = -5*h. Calculate the remainder when h is divided by 32.
7
Suppose 5*j + 35 = 5. Let t be 5 - j/9*-3. Suppose t*r = -4*d - 2*r + 700, 3*r - 525 = -3*d. What is the remainder when d is divided by 59?
57
Let v be (-9 + 44/2)/((-1)/(-61)). Suppose 792*o - v*o = -15. Let b(a) = -57*a**3 - a**2 - a - 1. Calculate the remainder when b(-1) is divided by o.
11
What is the remainder when (-5031)/(-1) + (-5 + 8 - (-20)/10) is divided by 15?
11
Let z = 2983 - 2965. Calculate the remainder when z is divided by 10.
8
Suppose -6*w - 62*w + 134368 = 0. Calculate the remainder when w is divided by 46.
44
Suppose 0 = -5*w + 12 + 3. Suppose -52 = -2*t + 4*o + 60, -w*t + 3*o + 156 = 0. What is the remainder when 94 is divided by t?
46
Let d be (-1292 + 2)*18/(-54). What is the remainder when d/4*(8 - (-108)/(-15)) is divided by 10?
6
Let a = -4099 - -4159. Calculate the remainder when 11576 is divided by a.
56
Suppose -8*z - 25 + 41 = 0. What is the remainder when 99 is divided by -6 - (-34 - z - -1)?
12
Let f(m) = 294*m + 5051. What is the remainder when 337 is divided by f(-17)?
19
Let j be -3 + 16/4 + -21. Let o(l) = l**2 - l + 1. Let m(r) = 4*r**2 + 21*r + 50. Let k(v) = -m(v) + 3*o(v). Calculate the remainder when k(j) is divided by 12.
9
Suppose 15 = -k + 18. Suppose 2*u = -k*h + 18, 2*h - 3*u = 2*u - 7. Suppose 2*a - 3 - 1 = 0. Calculate the remainder when h is divided by a.
0
Let a = 35 - 30. Suppose 0 = -a*h + 14 + 11. Suppose -2*i + h = -13. What is the remainder when 44 is divided by i?
8
Let x be -10 + 6 - (-2 - 0). Let a(j) = -14*j**3 + j**2 + j + 2. Suppose 4 = -4*d, 66 = 4*g + 3*d - 55. What is the remainder when a(x) is divided by g?
23
What is the remainder when ((-5274)/21)/((-306)/1428) is divided by 284?
36
Let i = -114 - -204. Suppose -i = 5*h - 615. Calculate the remainder when 82 is divided by h/(-6)*(-40)/25.
26
Let z = 875 - 528. Suppose -11*y - 105 = -z. What is the remainder when 218 is divided by y?
20
Suppose -13 = 2*y + 3*m, -y - 3*y = -m + 61. Suppose -7*r + 201 = -4*r. What is the remainder when r is divided by (0 + 46)*y/(-28)?
21
Suppose 81*b + 1548 = 3*r + 84*b, 2*r - 6*b = 1008. Calculate the remainder when r is divided by 252.
9
Calculate the remainder when ((-56)/168)/((-1)/165) is divided by 13.
3
What is the remainder when 922 is divided by ((-2763)/2)/((-180)/40)?
1
Let c(g) = g**2 + 15*g + 3. Let y be c(-15). Suppose 4*a - 5 = y*a. Suppose a*q - 143 - 2 = 0. What is the remainder when q is divided by 8?
5
Let v = -46 - -49. Let u(g) = -5*g + 27. What is the remainder when 143 is divided by u(v)?
11
Let u(v) = -v**3 + 12*v**2 - 72. Calculate the remainder when 610 is divided by u(7).
91
Suppose 5*t = -372 - 2588. Let d = t + 611. Calculate the remainder when d is divided by (-15)/(-4) - (-2)/8.
3
Let z = -1 + 135. What is the remainder when 337 is divided by z?
69
Let m(y) be the second derivative of y**5/20 - 7*y**4/12 + 3*y**3 - y**2 - 2*y - 34. What is the remainder when 60 is divided by m(4)?
16
Suppose 5*m + 5 = 0, 5*c + 18*m - 17 = 15*m. Suppose -4*f + x + 504 + 248 = 0, 2*x = -c*f + 740. What is the remainder when f is divided by 18?
7
Let b(i) = 20*i - 231. Let p be b(13). Suppose 45 = 30*a - p*a. Calculate the remainder when a is divided by 90/4 - (-6)/4.
21
Let i(f) = f**3 + 9*f**2 - 12*f + 11. Calculate the remainder when 175 is divided by i(-10).
20
Calculate the remainder when 60 is divided by 219/45 + (-28)/(-210) - -27.
28
Let w = 6234 - 6213. What is the remainder when 175 is divided by w?
7
Let g = 26 + 24. Let s = -95 + g. Let i = s + 73. What is the remainder when i is divided by 15?
13
Let x(q) = -7*q**3 - 2*q**2 - 5*q - 2. What is the remainder when 836 is divided by x(-2)?
52
Let i be ((-90)/40)/(-3)*4. Suppose 0 = -g + 3*g + 8. What is the remainder when 21 is divided by (i*g + 1)*(1 - 2)?
10
Let t(s) = 29*s**2 - 5*s + 4. Let w(v) = -v**2 + 21*v + 73. Let c be w(24). Calculate the remainder when t(c) is divided by 6.
4
Suppose 5*b - x - 106 = 3*x, 0 = -3*x - 12. Suppose -3*j - 3*q = 51, 2*j = 11*q - 6*q - 34. Let v = 51 + j. Calculate the remainder when v is divided by b.
16
Let a(j) = -208*j + 4. Let s be a(-1). Let l = -96 + s. What is the remainder when l is divided by 30?
26
Let d = -5014 + 5349. What is the remainder when d is divided by 117?
101
Suppose -2*c + 17 = 77. Let q(x) = -6*x - 141. Calculate the remainder when q(c) is divided by 14.
11
Let w(y) = -36*y + 2176. What is the remainder when 246 is divided by w(56)?
86
Suppose 10*s = 2*s - 2*n + 8336, 3*s + n - 3125 = 0. Calculate the remainder when 1057 is divided by s.
14
Let w be 1/3 + (-4)/(-12)*8. Suppose -21*s = w*s - 1296. What is the remainder when s is divided by 21?
12
Let s(n) = -10 - 2*n - 12 - n**2 + 2*n**2 + 6. What is the remainder when s(-5) is divided by 5?
4
Let n(u) = u**2 - 8*u - 34. Let p be n(11). Let q = 38 + p. What is the remainder when 141 is divided by q?
30
Suppose -2*v = -9*v + 35. Let c = 9 - v. Calculate the remainder when -1 - (-2)/(0 - c)*-50 is divided by 4.
0
Suppose -26*v = -23*v - 18, 3*i = -5*v + 306. Calculate the remainder when i is divided by 14.
8
Suppose 3814 = 3*l - 536. Let w = -1018 + l. Suppose -4*u = 4*p - w, 5*p - 433 = -0*u - 4*u. What is the remainder when u is divided by 27?
26
What is the remainder when 853 is divided by (-427)/(-4)*(-332)/(-581)?
60
Let f(n) = -9*n**2 + 8*n + 3. Let m be f(-2). Let q = m - -59. Suppose -2*w + w = -49. What is the remainder when w is divided by q?
9
Suppose 5*o + 0*g = g + 115, 0 = 4*o + g - 101. Let v = o + -20. What is the remainder when 20 is divided by (-11)/(v/8*-2)?
9
Let z(x) = x**2 + 9*x - 209. Calculate the remainder when 353 is divided by z(12).
9
Let b = -166 + 278. Suppose -3*l + 2*a + 260 = -l, -5*l + 650 = -a. Suppose -87 = 127*s - l*s. What is the remainder when b is divided by s?
25
Let h = 101 - 525. Let b be (h/(-20))/((-3)/(-30)). Suppose -3*r - n = -5*r + 84, -5*r = -3*n - b. Calculate the remainder when 78 is divided by r.
38
Let i(a) = -a**3 + 15*a**2 - 10*a - 46. Suppose 0*u - 4*u = 0. Suppose -4*r - 10 + 34 = u. Calculate the remainder when i(14) is divided by r.
4
Suppose 3*f = 21, 15*i = 4*i - f + 1723. Calculate the remainder when i is divided by 71.
14
Suppose -9*q - 4971 - 1797 = 0. Calculate the remainder when 95 is divided by (q/141)/(1/(-9)).
47
Let i(j) = -20*j - 16*j - 60 + 47*j. Calculate the remainder when i(14) is divided by 11.
6
Suppose 14*w + 911 = 1247. Let i(u) = 19*u - 34. What is the remainder when i(6) is divided by w?
8
Let r = -104561 - -104584. Let b(p) = p - 1. Calculate the remainder when r is divided by b(5).
3
Let o(q) = -q**3 - 10*q**2 - 7*q + 20. Let v be o(-9). Suppose 3*t - 1278 = -5*y, 5*t = v*t - 12. What is the remainder when y is divided by (4*148/8)/2?
36
Let c(s) be the second derivative of -s**5/20 - 4*s**4/3 - 17*s**3/6 + 19*s**2/2 - 37*s + 2. Calculate the remainder when c(-15) is divided by 11.
5
Suppose 